{"id":1136640,"date":"2026-04-27T13:36:20","date_gmt":"2026-04-27T11:36:20","guid":{"rendered":"https:\/\/wein-werte.com\/product\/lesuffleur-cerqueux-poire-2019-750ml\/"},"modified":"2026-04-27T12:07:20","modified_gmt":"2026-04-27T10:07:20","slug":"lesuffleur-cerqueux-poire-2019-750ml","status":"publish","type":"product","link":"https:\/\/wein-werte.com\/de\/produkt\/lesuffleur-cerqueux-poire-2019-750ml\/","title":{"rendered":"Lesuffleur | Normandie | Cerqueux Poir\u00e9 | 2019 | 750ml"},"content":{"rendered":"<p>Produktbeschreibung f\u00fcr Lesuffleur Cerqueux Poir\u00e9 2019 <\/p>\n<p> Die Familie von Benoit Lesuffleur ist schon seit 50 Jahren im Apfelanbau ta\u0308tig, jedoch wurde die Ernte damals an die gro\u00dfen Cidre-Produzenten verkauft. Benoit arbeitete wa\u0308hrend und nach seinem Studium in Paris als Wein Broker fu\u0308r bekannte Produzenten aus dem Burgund. Der entscheidende Impuls, den elterlichen Betrieb umzustellen, resultierte aus der Zusammenarbeit mit dem Champagnerhaus Tarlant. Seine Idee war Spitzencidre nach der Me\u0301thode Champenoise zu machen. Konsequenterweise ist nicht nur die Methode der zweiten Ga\u0308rung in der Flasche gleich, sondern der gesamte Herstellungsprozess vom Apfelanbau, der Selektion und der Vinifizierung ist auf einem a\u0308hnlich hohen Niveau, wie wir dies von unseren Spitzenproduzenten gewohnt sind. <\/p>\n<p>Copyright Vinaturel 2025<\/p>\n<p>Keywords: <a href=\"https:\/\/wein-werte.com\/de\/shop\/?swoof=1&#038;pa_producer=Lesuffleur\">Lesuffleur<\/a> <a href=\"https:\/\/wein-werte.com\/de\/shop\/?swoof=1&#038;woof_text=Cerqueux Poir\u00e9\">Cerqueux Poir\u00e9<\/a> 2019  <a href=\"https:\/\/wein-werte.com\/de\/shop\/?swoof=1&#038;pa_region=Normandie\">Normandie<\/a> <a href=\"https:\/\/wein-werte.com\/de\/shop\/?swoof=1&#038;pa_country=Frankreich\">Frankreich<\/a><\/p>\n","protected":false},"excerpt":{"rendered":"<p>Lieferzeit: 1 bis 2 Arbeitstage (DE), 2 bis 5 Arbeitstage (EU and CH)<\/p>\n","protected":false},"featured_media":1146322,"template":"","meta":[],"product_brand":[],"product_cat":[19],"product_tag":[],"class_list":{"0":"post-1136640","1":"product","2":"type-product","3":"status-publish","4":"has-post-thumbnail","6":"product_cat-unkategorisiert","7":"pa_alcohol-for-filter-5-5","8":"pa_certified-biodynamic-nein-de","9":"pa_certified-organic-nein-de","10":"pa_colour-k-a-de","11":"pa_colour-weiss","12":"pa_country-frankreich","13":"pa_price-for-filter-10612","14":"pa_producer-lesuffleur","15":"pa_region-normandie","16":"pa_size-ml-6584","17":"pa_sweetness-halbtrocken","18":"pa_type-2-cidre","19":"pa_vintage-2019-de","20":"entry","21":"has-media","23":"first","24":"instock","25":"taxable","26":"shipping-taxable","27":"purchasable","28":"product-type-simple"},"yoast_head":"<!-- This site is optimized with the Yoast SEO plugin v27.5 - https:\/\/yoast.com\/product\/yoast-seo-wordpress\/ -->\n<title>Lesuffleur Cerqueux Poir\u00e9 2019<\/title>\n<meta name=\"description\" content=\"Kaufe Lesuffleur Cerqueux Poir\u00e9 2019 (, halbtrocken Schaumwein aus Normandie, Frankreich) bei Wein Werte, Ihrem nachhaltigen Onlineshop.\" \/>\n<meta name=\"robots\" content=\"index, follow, max-snippet:-1, max-image-preview:large, max-video-preview:-1\" \/>\n<link rel=\"canonical\" href=\"https:\/\/wein-werte.com\/de\/produkt\/lesuffleur-cerqueux-poire-2019-750ml\/\" \/>\n<meta property=\"og:locale\" content=\"de_DE\" \/>\n<meta property=\"og:type\" content=\"article\" \/>\n<meta property=\"og:title\" content=\"Lesuffleur Cerqueux Poir\u00e9 2019\" \/>\n<meta property=\"og:description\" content=\"Kaufe Lesuffleur Cerqueux Poir\u00e9 2019 (, halbtrocken Schaumwein aus Normandie, Frankreich) bei Wein Werte, Ihrem nachhaltigen Onlineshop.\" \/>\n<meta property=\"og:url\" content=\"https:\/\/wein-werte.com\/de\/produkt\/lesuffleur-cerqueux-poire-2019-750ml\/\" \/>\n<meta property=\"og:site_name\" content=\"Wein Werte\" \/>\n<meta property=\"og:image\" content=\"https:\/\/wein-werte.com\/wp-content\/uploads\/2026\/04\/Lesuffleur-Cerqueux-Poire-2019-750ml.png\" \/>\n\t<meta property=\"og:image:width\" content=\"388\" \/>\n\t<meta property=\"og:image:height\" content=\"1200\" \/>\n\t<meta property=\"og:image:type\" content=\"image\/png\" \/>\n<meta name=\"twitter:card\" content=\"summary_large_image\" \/>\n<meta name=\"twitter:label1\" content=\"Gesch\u00e4tzte Lesezeit\" \/>\n\t<meta name=\"twitter:data1\" content=\"1\u00a0Minute\" \/>\n<script type=\"application\/ld+json\" class=\"yoast-schema-graph\">{\"@context\":\"https:\\\/\\\/schema.org\",\"@graph\":[{\"@type\":\"WebPage\",\"@id\":\"https:\\\/\\\/wein-werte.com\\\/de\\\/produkt\\\/lesuffleur-cerqueux-poire-2019-750ml\\\/\",\"url\":\"https:\\\/\\\/wein-werte.com\\\/de\\\/produkt\\\/lesuffleur-cerqueux-poire-2019-750ml\\\/\",\"name\":\"Lesuffleur Cerqueux Poir\u00e9 2019\",\"isPartOf\":{\"@id\":\"https:\\\/\\\/wein-werte.com\\\/de\\\/#website\"},\"primaryImageOfPage\":{\"@id\":\"https:\\\/\\\/wein-werte.com\\\/de\\\/produkt\\\/lesuffleur-cerqueux-poire-2019-750ml\\\/#primaryimage\"},\"image\":{\"@id\":\"https:\\\/\\\/wein-werte.com\\\/de\\\/produkt\\\/lesuffleur-cerqueux-poire-2019-750ml\\\/#primaryimage\"},\"thumbnailUrl\":\"https:\\\/\\\/wein-werte.com\\\/wp-content\\\/uploads\\\/2026\\\/04\\\/Lesuffleur-Cerqueux-Poire-2019-750ml.png\",\"datePublished\":\"2026-04-27T11:36:20+00:00\",\"description\":\"Kaufe Lesuffleur Cerqueux Poir\u00e9 2019 (, halbtrocken Schaumwein aus Normandie, Frankreich) bei Wein Werte, Ihrem nachhaltigen Onlineshop.\",\"breadcrumb\":{\"@id\":\"https:\\\/\\\/wein-werte.com\\\/de\\\/produkt\\\/lesuffleur-cerqueux-poire-2019-750ml\\\/#breadcrumb\"},\"inLanguage\":\"de\",\"potentialAction\":[{\"@type\":\"ReadAction\",\"target\":[\"https:\\\/\\\/wein-werte.com\\\/de\\\/produkt\\\/lesuffleur-cerqueux-poire-2019-750ml\\\/\"]}]},{\"@type\":\"ImageObject\",\"inLanguage\":\"de\",\"@id\":\"https:\\\/\\\/wein-werte.com\\\/de\\\/produkt\\\/lesuffleur-cerqueux-poire-2019-750ml\\\/#primaryimage\",\"url\":\"https:\\\/\\\/wein-werte.com\\\/wp-content\\\/uploads\\\/2026\\\/04\\\/Lesuffleur-Cerqueux-Poire-2019-750ml.png\",\"contentUrl\":\"https:\\\/\\\/wein-werte.com\\\/wp-content\\\/uploads\\\/2026\\\/04\\\/Lesuffleur-Cerqueux-Poire-2019-750ml.png\",\"width\":388,\"height\":1200,\"caption\":\"Lesuffleur Cerqueux Poir\u00e9 2019 750ml\"},{\"@type\":\"BreadcrumbList\",\"@id\":\"https:\\\/\\\/wein-werte.com\\\/de\\\/produkt\\\/lesuffleur-cerqueux-poire-2019-750ml\\\/#breadcrumb\",\"itemListElement\":[{\"@type\":\"ListItem\",\"position\":1,\"name\":\"Home\",\"item\":\"https:\\\/\\\/wein-werte.com\\\/de\\\/\"},{\"@type\":\"ListItem\",\"position\":2,\"name\":\"Shop\",\"item\":\"https:\\\/\\\/wein-werte.com\\\/de\\\/shop\\\/\"},{\"@type\":\"ListItem\",\"position\":3,\"name\":\"Lesuffleur | Normandie | Cerqueux Poir\u00e9 | 2019 | 750ml\"}]},{\"@type\":\"WebSite\",\"@id\":\"https:\\\/\\\/wein-werte.com\\\/de\\\/#website\",\"url\":\"https:\\\/\\\/wein-werte.com\\\/de\\\/\",\"name\":\"Wein Werte\",\"description\":\"\",\"publisher\":{\"@id\":\"https:\\\/\\\/wein-werte.com\\\/de\\\/#organization\"},\"potentialAction\":[{\"@type\":\"SearchAction\",\"target\":{\"@type\":\"EntryPoint\",\"urlTemplate\":\"https:\\\/\\\/wein-werte.com\\\/de\\\/?s={search_term_string}\"},\"query-input\":{\"@type\":\"PropertyValueSpecification\",\"valueRequired\":true,\"valueName\":\"search_term_string\"}}],\"inLanguage\":\"de\"},{\"@type\":\"Organization\",\"@id\":\"https:\\\/\\\/wein-werte.com\\\/de\\\/#organization\",\"name\":\"Vins Fins Thorrold\",\"url\":\"https:\\\/\\\/wein-werte.com\\\/de\\\/\",\"logo\":{\"@type\":\"ImageObject\",\"inLanguage\":\"de\",\"@id\":\"https:\\\/\\\/wein-werte.com\\\/de\\\/#\\\/schema\\\/logo\\\/image\\\/\",\"url\":\"https:\\\/\\\/wein-werte.com\\\/wp-content\\\/uploads\\\/2023\\\/07\\\/Wein_werte_Logo700-1.png\",\"contentUrl\":\"https:\\\/\\\/wein-werte.com\\\/wp-content\\\/uploads\\\/2023\\\/07\\\/Wein_werte_Logo700-1.png\",\"width\":700,\"height\":272,\"caption\":\"Vins Fins Thorrold\"},\"image\":{\"@id\":\"https:\\\/\\\/wein-werte.com\\\/de\\\/#\\\/schema\\\/logo\\\/image\\\/\"}}]}<\/script>\n<!-- \/ Yoast SEO plugin. -->","yoast_head_json":{"title":"Lesuffleur Cerqueux Poir\u00e9 2019","description":"Kaufe Lesuffleur Cerqueux Poir\u00e9 2019 (, halbtrocken Schaumwein aus Normandie, Frankreich) bei Wein Werte, Ihrem nachhaltigen Onlineshop.","robots":{"index":"index","follow":"follow","max-snippet":"max-snippet:-1","max-image-preview":"max-image-preview:large","max-video-preview":"max-video-preview:-1"},"canonical":"https:\/\/wein-werte.com\/de\/produkt\/lesuffleur-cerqueux-poire-2019-750ml\/","og_locale":"de_DE","og_type":"article","og_title":"Lesuffleur Cerqueux Poir\u00e9 2019","og_description":"Kaufe Lesuffleur Cerqueux Poir\u00e9 2019 (, halbtrocken Schaumwein aus Normandie, Frankreich) bei Wein Werte, Ihrem nachhaltigen Onlineshop.","og_url":"https:\/\/wein-werte.com\/de\/produkt\/lesuffleur-cerqueux-poire-2019-750ml\/","og_site_name":"Wein Werte","og_image":[{"width":388,"height":1200,"url":"https:\/\/wein-werte.com\/wp-content\/uploads\/2026\/04\/Lesuffleur-Cerqueux-Poire-2019-750ml.png","type":"image\/png"}],"twitter_card":"summary_large_image","twitter_misc":{"Gesch\u00e4tzte Lesezeit":"1\u00a0Minute"},"schema":{"@context":"https:\/\/schema.org","@graph":[{"@type":"WebPage","@id":"https:\/\/wein-werte.com\/de\/produkt\/lesuffleur-cerqueux-poire-2019-750ml\/","url":"https:\/\/wein-werte.com\/de\/produkt\/lesuffleur-cerqueux-poire-2019-750ml\/","name":"Lesuffleur Cerqueux Poir\u00e9 2019","isPartOf":{"@id":"https:\/\/wein-werte.com\/de\/#website"},"primaryImageOfPage":{"@id":"https:\/\/wein-werte.com\/de\/produkt\/lesuffleur-cerqueux-poire-2019-750ml\/#primaryimage"},"image":{"@id":"https:\/\/wein-werte.com\/de\/produkt\/lesuffleur-cerqueux-poire-2019-750ml\/#primaryimage"},"thumbnailUrl":"https:\/\/wein-werte.com\/wp-content\/uploads\/2026\/04\/Lesuffleur-Cerqueux-Poire-2019-750ml.png","datePublished":"2026-04-27T11:36:20+00:00","description":"Kaufe Lesuffleur Cerqueux Poir\u00e9 2019 (, halbtrocken Schaumwein aus Normandie, Frankreich) bei Wein Werte, Ihrem nachhaltigen Onlineshop.","breadcrumb":{"@id":"https:\/\/wein-werte.com\/de\/produkt\/lesuffleur-cerqueux-poire-2019-750ml\/#breadcrumb"},"inLanguage":"de","potentialAction":[{"@type":"ReadAction","target":["https:\/\/wein-werte.com\/de\/produkt\/lesuffleur-cerqueux-poire-2019-750ml\/"]}]},{"@type":"ImageObject","inLanguage":"de","@id":"https:\/\/wein-werte.com\/de\/produkt\/lesuffleur-cerqueux-poire-2019-750ml\/#primaryimage","url":"https:\/\/wein-werte.com\/wp-content\/uploads\/2026\/04\/Lesuffleur-Cerqueux-Poire-2019-750ml.png","contentUrl":"https:\/\/wein-werte.com\/wp-content\/uploads\/2026\/04\/Lesuffleur-Cerqueux-Poire-2019-750ml.png","width":388,"height":1200,"caption":"Lesuffleur Cerqueux Poir\u00e9 2019 750ml"},{"@type":"BreadcrumbList","@id":"https:\/\/wein-werte.com\/de\/produkt\/lesuffleur-cerqueux-poire-2019-750ml\/#breadcrumb","itemListElement":[{"@type":"ListItem","position":1,"name":"Home","item":"https:\/\/wein-werte.com\/de\/"},{"@type":"ListItem","position":2,"name":"Shop","item":"https:\/\/wein-werte.com\/de\/shop\/"},{"@type":"ListItem","position":3,"name":"Lesuffleur | Normandie | Cerqueux Poir\u00e9 | 2019 | 750ml"}]},{"@type":"WebSite","@id":"https:\/\/wein-werte.com\/de\/#website","url":"https:\/\/wein-werte.com\/de\/","name":"Wein Werte","description":"","publisher":{"@id":"https:\/\/wein-werte.com\/de\/#organization"},"potentialAction":[{"@type":"SearchAction","target":{"@type":"EntryPoint","urlTemplate":"https:\/\/wein-werte.com\/de\/?s={search_term_string}"},"query-input":{"@type":"PropertyValueSpecification","valueRequired":true,"valueName":"search_term_string"}}],"inLanguage":"de"},{"@type":"Organization","@id":"https:\/\/wein-werte.com\/de\/#organization","name":"Vins Fins Thorrold","url":"https:\/\/wein-werte.com\/de\/","logo":{"@type":"ImageObject","inLanguage":"de","@id":"https:\/\/wein-werte.com\/de\/#\/schema\/logo\/image\/","url":"https:\/\/wein-werte.com\/wp-content\/uploads\/2023\/07\/Wein_werte_Logo700-1.png","contentUrl":"https:\/\/wein-werte.com\/wp-content\/uploads\/2023\/07\/Wein_werte_Logo700-1.png","width":700,"height":272,"caption":"Vins Fins Thorrold"},"image":{"@id":"https:\/\/wein-werte.com\/de\/#\/schema\/logo\/image\/"}}]}},"_links":{"self":[{"href":"https:\/\/wein-werte.com\/de\/wp-json\/wp\/v2\/product\/1136640","targetHints":{"allow":["GET"]}}],"collection":[{"href":"https:\/\/wein-werte.com\/de\/wp-json\/wp\/v2\/product"}],"about":[{"href":"https:\/\/wein-werte.com\/de\/wp-json\/wp\/v2\/types\/product"}],"wp:featuredmedia":[{"embeddable":true,"href":"https:\/\/wein-werte.com\/de\/wp-json\/wp\/v2\/media\/1146322"}],"wp:attachment":[{"href":"https:\/\/wein-werte.com\/de\/wp-json\/wp\/v2\/media?parent=1136640"}],"wp:term":[{"taxonomy":"product_brand","embeddable":true,"href":"https:\/\/wein-werte.com\/de\/wp-json\/wp\/v2\/product_brand?post=1136640"},{"taxonomy":"product_cat","embeddable":true,"href":"https:\/\/wein-werte.com\/de\/wp-json\/wp\/v2\/product_cat?post=1136640"},{"taxonomy":"product_tag","embeddable":true,"href":"https:\/\/wein-werte.com\/de\/wp-json\/wp\/v2\/product_tag?post=1136640"}],"curies":[{"name":"wp","href":"https:\/\/api.w.org\/{rel}","templated":true}]}}

Lesuffleur | Normandie | Cerqueux Poiré | 2019 | 750ml

<p>Produktbeschreibung für Lesuffleur Cerqueux Poiré 2019 </p>
<p> Die Familie von Benoit Lesuffleur ist schon seit 50 Jahren im Apfelanbau tätig, jedoch wurde die Ernte damals an die großen Cidre-Produzenten verkauft. Benoit arbeitete während und nach seinem Studium in Paris als Wein Broker für bekannte Produzenten aus dem Burgund. Der entscheidende Impuls, den elterlichen Betrieb umzustellen, resultierte aus der Zusammenarbeit mit dem Champagnerhaus Tarlant. Seine Idee war Spitzencidre nach der Méthode Champenoise zu machen. Konsequenterweise ist nicht nur die Methode der zweiten Gärung in der Flasche gleich, sondern der gesamte Herstellungsprozess vom Apfelanbau, der Selektion und der Vinifizierung ist auf einem ähnlich hohen Niveau, wie wir dies von unseren Spitzenproduzenten gewohnt sind. </p>
<p>Copyright Vinaturel 2025</p>
<p>Keywords: <a href="https://wein-werte.com/de/shop/?swoof=1&#038;pa_producer=Lesuffleur">Lesuffleur</a> <a href="https://wein-werte.com/de/shop/?swoof=1&#038;woof_text=Cerqueux Poiré">Cerqueux Poiré</a> 2019  <a href="https://wein-werte.com/de/shop/?swoof=1&#038;pa_region=Normandie">Normandie</a> <a href="https://wein-werte.com/de/shop/?swoof=1&#038;pa_country=Frankreich">Frankreich</a></p>

<!-- This site is optimized with the Yoast SEO plugin v27.5 - https://yoast.com/product/yoast-seo-wordpress/ -->
<title>Lesuffleur Cerqueux Poiré 2019</title>
<meta name="description" content="Kaufe Lesuffleur Cerqueux Poiré 2019 (, halbtrocken Schaumwein aus Normandie, Frankreich) bei Wein Werte, Ihrem nachhaltigen Onlineshop." />
<meta name="robots" content="index, follow, max-snippet:-1, max-image-preview:large, max-video-preview:-1" />
<link rel="canonical" href="https://wein-werte.com/de/produkt/lesuffleur-cerqueux-poire-2019-750ml/" />
<meta property="og:locale" content="de_DE" />
<meta property="og:type" content="article" />
<meta property="og:title" content="Lesuffleur Cerqueux Poiré 2019" />
<meta property="og:description" content="Kaufe Lesuffleur Cerqueux Poiré 2019 (, halbtrocken Schaumwein aus Normandie, Frankreich) bei Wein Werte, Ihrem nachhaltigen Onlineshop." />
<meta property="og:url" content="https://wein-werte.com/de/produkt/lesuffleur-cerqueux-poire-2019-750ml/" />
<meta property="og:site_name" content="Wein Werte" />
<meta property="og:image" content="https://wein-werte.com/wp-content/uploads/2026/04/Lesuffleur-Cerqueux-Poire-2019-750ml.png" />
	<meta property="og:image:width" content="388" />
	<meta property="og:image:height" content="1200" />
	<meta property="og:image:type" content="image/png" />
<meta name="twitter:card" content="summary_large_image" />
<meta name="twitter:label1" content="Geschätzte Lesezeit" />
	<meta name="twitter:data1" content="1 Minute" />
<script type="application/ld+json" class="yoast-schema-graph">{"@context":"https:\/\/schema.org","@graph":[{"@type":"WebPage","@id":"https:\/\/wein-werte.com\/de\/produkt\/lesuffleur-cerqueux-poire-2019-750ml\/","url":"https:\/\/wein-werte.com\/de\/produkt\/lesuffleur-cerqueux-poire-2019-750ml\/","name":"Lesuffleur Cerqueux Poiré 2019","isPartOf":{"@id":"https:\/\/wein-werte.com\/de\/#website"},"primaryImageOfPage":{"@id":"https:\/\/wein-werte.com\/de\/produkt\/lesuffleur-cerqueux-poire-2019-750ml\/#primaryimage"},"image":{"@id":"https:\/\/wein-werte.com\/de\/produkt\/lesuffleur-cerqueux-poire-2019-750ml\/#primaryimage"},"thumbnailUrl":"https:\/\/wein-werte.com\/wp-content\/uploads\/2026\/04\/Lesuffleur-Cerqueux-Poire-2019-750ml.png","datePublished":"2026-04-27T11:36:20+00:00","description":"Kaufe Lesuffleur Cerqueux Poiré 2019 (, halbtrocken Schaumwein aus Normandie, Frankreich) bei Wein Werte, Ihrem nachhaltigen Onlineshop.","breadcrumb":{"@id":"https:\/\/wein-werte.com\/de\/produkt\/lesuffleur-cerqueux-poire-2019-750ml\/#breadcrumb"},"inLanguage":"de","potentialAction":[{"@type":"ReadAction","target":["https:\/\/wein-werte.com\/de\/produkt\/lesuffleur-cerqueux-poire-2019-750ml\/"]}]},{"@type":"ImageObject","inLanguage":"de","@id":"https:\/\/wein-werte.com\/de\/produkt\/lesuffleur-cerqueux-poire-2019-750ml\/#primaryimage","url":"https:\/\/wein-werte.com\/wp-content\/uploads\/2026\/04\/Lesuffleur-Cerqueux-Poire-2019-750ml.png","contentUrl":"https:\/\/wein-werte.com\/wp-content\/uploads\/2026\/04\/Lesuffleur-Cerqueux-Poire-2019-750ml.png","width":388,"height":1200,"caption":"Lesuffleur Cerqueux Poiré 2019 750ml"},{"@type":"BreadcrumbList","@id":"https:\/\/wein-werte.com\/de\/produkt\/lesuffleur-cerqueux-poire-2019-750ml\/#breadcrumb","itemListElement":[{"@type":"ListItem","position":1,"name":"Home","item":"https:\/\/wein-werte.com\/de\/"},{"@type":"ListItem","position":2,"name":"Shop","item":"https:\/\/wein-werte.com\/de\/shop\/"},{"@type":"ListItem","position":3,"name":"Lesuffleur | Normandie | Cerqueux Poiré | 2019 | 750ml"}]},{"@type":"WebSite","@id":"https:\/\/wein-werte.com\/de\/#website","url":"https:\/\/wein-werte.com\/de\/","name":"Wein Werte","description":"","publisher":{"@id":"https:\/\/wein-werte.com\/de\/#organization"},"potentialAction":[{"@type":"SearchAction","target":{"@type":"EntryPoint","urlTemplate":"https:\/\/wein-werte.com\/de\/?s={search_term_string}"},"query-input":{"@type":"PropertyValueSpecification","valueRequired":true,"valueName":"search_term_string"}}],"inLanguage":"de"},{"@type":"Organization","@id":"https:\/\/wein-werte.com\/de\/#organization","name":"Vins Fins Thorrold","url":"https:\/\/wein-werte.com\/de\/","logo":{"@type":"ImageObject","inLanguage":"de","@id":"https:\/\/wein-werte.com\/de\/#\/schema\/logo\/image\/","url":"https:\/\/wein-werte.com\/wp-content\/uploads\/2023\/07\/Wein_werte_Logo700-1.png","contentUrl":"https:\/\/wein-werte.com\/wp-content\/uploads\/2023\/07\/Wein_werte_Logo700-1.png","width":700,"height":272,"caption":"Vins Fins Thorrold"},"image":{"@id":"https:\/\/wein-werte.com\/de\/#\/schema\/logo\/image\/"}}]}</script>
<!-- / Yoast SEO plugin. -->

Lesuffleur Cerqueux Poiré 2019

Kaufe Lesuffleur Cerqueux Poiré 2019 (, halbtrocken Schaumwein aus Normandie, Frankreich) bei Wein Werte, Ihrem nachhaltigen Onlineshop.

Lesuffleur Cerqueux Poiré 2019 750ml
